f 5932614?
6
What is the hundreds digit of 259126641?
6
What is the hundred millions digit of 212344818?
2
What is the units digit of 71941607?
7
What is the billions digit of 1273084521?
1
What is the ten thousands digit of 440349648?
4
What is the ten thousands digit of 4848593332?
9
What is the hundred thousands digit of 41775670?
7
What is the ten millions digit of 554777389?
5
What is the units digit of 774767405?
5
What is the ten millions digit of 549389808?
4
What is the hundreds digit of 60500210?
2
What is the thousands digit of 118273415?
3
What is the hundreds digit of 371187412?
4
What is the ten thousands digit of 28642671?
4
What is the hundreds digit of 158550324?
3
What is the tens digit of 3004444492?
9
What is the hundreds digit of 56387280?
2
What is the units digit of 58294512?
2
What is the hundred millions digit of 2641670826?
6
What is the hundreds digit of 667764945?
9
What is the ten thousands digit of 2318279679?
7
What is the tens digit of 3453786101?
0
What is the hundreds digit of 6271226?
2
What is the hundred millions digit of 1426441811?
4
What is the hundred thousands digit of 109846623?
8
What is the thousands digit of 8135711?
5
What is the hundred thousands digit of 706909134?
9
What is the hundred thousands digit of 251793314?
7
What is the thousands digit of 1236587397?
7
What is the millions digit of 147776233?
7
What is the hundred thousands digit of 6650144238?
1
What is the millions digit of 86733526?
6
What is the millions digit of 627354870?
7
What is the units digit of 282811916?
6
What is the tens digit of 504462201?
0
What is the hundred thousands digit of 14914398?
9
What is the units digit of 104863989?
9
What is the ten thousands digit of 1214456662?
5
What is the thousands digit of 187649811?
9
What is the ten millions digit of 507689516?
0
What is the tens digit of 19968573?
7
What is the hundreds digit of 517071874?
8
What is the millions digit of 73859541?
3
What is the ten thousands digit of 2863983433?
8
What is the units digit of 33473000?
0
What is the ten thousands digit of 826930778?
3
What is the hundred millions digit of 193553249?
1
What is the millions digit of 158580829?
8
What is the tens digit of 105273028?
2
What is the hundreds digit of 4395764981?
9
What is the millions digit of 1574445177?
4
What is the hundreds digit of 4708362882?
8
What is the thousands digit of 106579358?
9
What is the ten thousands digit of 105746784?
4
What is the tens digit of 963014177?
7
What is the hundreds digit of 217691034?
0
What is the thousands digit of 771883?
1
What is the hundreds digit of 2702084970?
9
What is the millions digit of 1244260838?
4
What is the billions digit of 3462192469?
3
What is the ten thousands digit of 277507615?
0
What is the hundreds digit of 2915825481?
4
What is the hundreds digit of 33760723?
7
What is the tens digit of 523235360?
6
What is the millions digit of 925629503?
5
What is the hundreds digit of 102375627?
6
What is the ten thousands digit of 28668482?
6
What is the hundred thousands digit of 4088239626?
2
What is the units digit of 559183996?
6
What is the hundreds digit of 1131900561?
5
What is the hundred millions digit of 875336899?
8
What is the ten millions digit of 207971088?
0
What is the ten thousands digit of 65027574?
2
What is the units digit of 7212210179?
9
What is the hundred thousands digit of 1700710386?
7
What is the millions digit of 2507143822?
7
What is the hundred thousands digit of 82854248?
8
What is the billions digit of 1800575500?
1
What is the units digit of 38250599?
9
What is the hundreds digit of 171832327?
3
What is the millions digit of 633050204?
3
What is the tens digit of 4923515924?
2
What is the ten millions digit of 269780664?
6
What is the millions digit of 44454501?
4
What is the units digit of 20352720?
0
What is the thousands digit of 3324344901?
4
What is the hundreds digit of 30296908?
9
What is the millions digit of 807377230?
7
What is the units digit of 304333828?
8
What is the tens digit of 61576765?
6
What is the units digit of 3664609524?
4
What is the ten millions digit of 42741771?
4
What is the units digit of 127461927?
7
What is the units digit of 3192847467?
7
What is the ten millions digit of 18007054?
1
What is the thousands digit of 184018985?
8
What is the thousands digit of 75769866?
9
What is the millions digit of 11732170?
1
What is the millions digit of 4517625?
4
What is the hundred millions digit of 353905644?
3
What is the tens digit of 33338947?
4
What is the hundreds digit of 18141063?
0
What is the hundred thousands digit of 799116080?
1
What is the tens digit of 687629261?
6
What is the thousands digit of 939690874?
0
What is the units digit of 572433042?
2
What is the ten millions digit of 40234204?
4
What is the millions digit of 83358650?
3
What is the hundreds digit of 3594138810?
8
What is the tens digit of 580648120?
2
What is the thousands digit of 3941974461?
4
What is the units digit of 339526942?
2
What is the tens digit of 46701496?
9
What is the hundred thousands digit of 69881211?
8
What is the hundred millions digit of 171208451?
1
What is the thousands digit of 39671590?
1
What is the hundred millions digit of 164711012?
1
What is the ten millions digit of 6527697164?
2
What is the tens digit of 99543027?
2
What is the hundred thousands digit of 113009553?
0
What is the hundreds digit of 1037421646?
6
What is the thousands digit of 138666637?
6
What is the hundred millions digit of 1023725651?
0
What is the tens digit of 506786584?
8
What is the ten millions digit of 390082070?
9
What is the tens digit of 4740877719?
1
What is the millions digit of 3573376284?
3
What is the millions digit of 15816457?
5
What is the units digit of 376550232?
2
What is the ten millions digit of 3236007065?
3
What is the hundred thousands digit of 245413302?
4
What is the hundreds digit of 48352985?
9
What is the thousands digit of 1397223791?
3
What is the hundreds digit of 76078842?
8
What is the tens digit of 5618072?
7
What is the units digit of 841510650?
0
What is the ten thousands digit of 95902130?
0
What is the tens digit of 438567473?
7
What is the hundreds digit of 45445294?
2
What is the tens digit of 128516429?
2
What is the ten millions digit of 24045184?
2
What is the millions digit of 40756444?
0
What is the hundreds digit of 92159451?
4
What is the ten thousands digit of 178397659?
9
What is the units digit of 90876214?
4
What is the units digit of 39533144?
4
What is the hundreds digit of 44887579?
5
What is the hundred thousands digit of 4641806437?
8
What is the hundreds digit of 605939544?
5
What is the units digit of 1210361931?
1
What is the thousands digit of 362984210?
4
What is the hundreds digit of 156930051?
0
What is the thousands digit of 1023215630?
5
What is the units digit of 32782553?
3
What is the ten millions digit of 754914154?
5
What is the tens digit of 17403488?
8
What is the hundreds digit of 26134805?
8
What is the hundreds digit of 2027611347?
3
What is the hundred thousands digit of 240122260?
1
What is the millions digit of 2211101978?
1
What is the millions digit of 867202646?
7
What is the tens digit of 202879716?
1
What is the hundreds digit of 153175252?
2
What is the hundreds digit of 3260420?
4
What is the hundreds digit of 1981518713?
7
What is the ten millions digit of 184101401?
8
What is the ten millions digit of 138873290?
3
What is the hundreds digit of 428815144?
1
What is the ten thousands digit of 2178748858?
4
What is the hundred thousands digit of 1992528804?
5
What is the tens digit of 1718018662?
6
What is the hundreds digit of 239851554?
5
What is the millions digit of 86732079?
6
What is the thousands digit of 574469332?
9
What is the hundreds digit of 301232556?
5
What is the ten thousands digit of 277720965?
2
What is the hundreds digit of 82917868?
8
What is the thousands digit of 722340553?
0
What is the ten thousands digit of 179908087?
0
What is the units digit of 122569832?
2
What is the hundred thousands digit of 66919639?
9
What is the hundreds digit of 781237028?
0
What is the billions digit of 3640383707?
3
What is the tens digit of 94349954?
5
What is the ten thousands digit of 123359134?
5
What is the ten